{"id":690,"date":"2014-12-07T22:20:57","date_gmt":"2014-12-07T20:20:57","guid":{"rendered":"http:\/\/www.ksliitto.fi\/?page_id=690"},"modified":"2016-08-19T10:42:03","modified_gmt":"2016-08-19T10:42:03","slug":"organisaatio","status":"publish","type":"page","link":"https:\/\/ksliitto.fi\/index.php\/jarjestotoiminta\/palokuntanuoret\/organisaatio\/","title":{"rendered":"Organisaatio"},"content":{"rendered":"<p><strong>Palokuntanuorisoty\u00f6n organisaatio<\/strong><br \/>\nPalokuntanuorisoty\u00f6n on organisoitu valtakunnallisesti. Valtakunnan tasolla toimintaa suunnittelee, ohjaa ja edustaa SPEK hallituksen asettama nuorisoty\u00f6toimikunta. Alueellisella tasolla Keski-Suomen palokuntanuorten nuorisoty\u00f6toimikunta ja Keski-Suomen pelastusalanliitto. T\u00e4rkeimp\u00e4n\u00e4 kuitenkin paikallisen tason organisaatiot, jossa toimivat itse palokuntanuoret ohjaajineen.<br \/>\nLapset ja nuoret harrastavat palokuntatoimintaa nuoriso-osastoissa palokunnissa.<\/p>\n<p>Keski-Suomen nuorisoty\u00f6toimikuntaan kuuluu \u00a0\u00a0kuusi edustajaa. He suunnittelevat alueelliset tapahtumat, ja pyrkiv\u00e4t pysym\u00e4\u00e4n ajan tasalla nuoriso-osastojen m\u00e4\u00e4rist\u00e4 ja kuulumisista. Toimikunnan j\u00e4senet ovat vapaaehtoisia toimijoita. Pelastusalanliitolla on lis\u00e4ksi palkattua henkil\u00f6kuntaa, jotka huolehtivat alueellisen toiminnan toteuttamisesta.<\/p>\n<p>Valtakunnallisesti palokuntanuorisotoimintaa suunnittelee, ohjaa ja edustaa nuorisoty\u00f6toimikunta. Toimikunta koostuu pelastusliittojen vapaaehtoisista pelastusliittojen nuorisoty\u00f6nohjaajista. Toimikunnan kokoonpanon vahvistaa vuosittain SPEK:n hallitus. Toimikuntaa johtaa kolmen vuoden v\u00e4lein valittava puheenjohtaja. Valtakunnallisia tapahtumia, kilpailuita, materiaalituotantoa ja kansainv\u00e4list\u00e4 toimintaa koordinoi SPEK:n nuorisoty\u00f6n j\u00e4rjest\u00f6ohjaaja.<\/p>\n","protected":false},"excerpt":{"rendered":"<p>Palokuntanuorisoty\u00f6n organisaatio Palokuntanuorisoty\u00f6n on organisoitu valtakunnallisesti. Valtakunnan tasolla toimintaa suunnittelee, ohjaa ja edustaa SPEK hallituksen asettama nuorisoty\u00f6toimikunta. Alueellisella tasolla Keski-Suomen palokuntanuorten nuorisoty\u00f6toimikunta ja Keski-Suomen pelastusalanliitto. T\u00e4rkeimp\u00e4n\u00e4 kuitenkin paikallisen tason organisaatiot, jossa toimivat itse palokuntanuoret ohjaajineen. Lapset ja nuoret harrastavat palokuntatoimintaa nuoriso-osastoissa palokunnissa. Keski-Suomen nuorisoty\u00f6toimikuntaan kuuluu \u00a0\u00a0kuusi edustajaa. He suunnittelevat alueelliset tapahtumat, ja pyrkiv\u00e4t pysym\u00e4\u00e4n ajan&hellip; <\/p>\n<p class=\"toivo-read-more\"><a href=\"https:\/\/ksliitto.fi\/index.php\/jarjestotoiminta\/palokuntanuoret\/organisaatio\/\" class=\"more-link\">Lue lis\u00e4\u00e4 <span class=\"screen-reader-text\">Organisaatio<\/span><\/a><\/p>\n","protected":false},"author":1,"featured_media":0,"parent":94,"menu_order":0,"comment_status":"closed","ping_status":"closed","template":"","meta":{"footnotes":""},"_links":{"self":[{"href":"https:\/\/ksliitto.fi\/index.php\/wp-json\/wp\/v2\/pages\/690"}],"collection":[{"href":"https:\/\/ksliitto.fi\/index.php\/wp-json\/wp\/v2\/pages"}],"about":[{"href":"https:\/\/ksliitto.fi\/index.php\/wp-json\/wp\/v2\/types\/page"}],"author":[{"embeddable":true,"href":"https:\/\/ksliitto.fi\/index.php\/wp-json\/wp\/v2\/users\/1"}],"replies":[{"embeddable":true,"href":"https:\/\/ksliitto.fi\/index.php\/wp-json\/wp\/v2\/comments?post=690"}],"version-history":[{"count":1,"href":"https:\/\/ksliitto.fi\/index.php\/wp-json\/wp\/v2\/pages\/690\/revisions"}],"predecessor-version":[{"id":932,"href":"https:\/\/ksliitto.fi\/index.php\/wp-json\/wp\/v2\/pages\/690\/revisions\/932"}],"up":[{"embeddable":true,"href":"https:\/\/ksliitto.fi\/index.php\/wp-json\/wp\/v2\/pages\/94"}],"wp:attachment":[{"href":"https:\/\/ksliitto.fi\/index.php\/wp-json\/wp\/v2\/media?parent=690"}],"curies":[{"name":"wp","href":"https:\/\/api.w.org\/{rel}","templated":true}]}}