{"id":1547,"date":"2023-10-17T10:25:41","date_gmt":"2023-10-17T10:25:41","guid":{"rendered":"https:\/\/ksliitto.fi\/?page_id=1547"},"modified":"2026-01-05T19:08:56","modified_gmt":"2026-01-05T19:08:56","slug":"paiva-paloasemalla","status":"publish","type":"page","link":"http:\/\/ksliitto.fi\/index.php\/paiva-paloasemalla\/","title":{"rendered":"P\u00e4iv\u00e4 Paloasemalla"},"content":{"rendered":"\n<figure class=\"wp-block-image size-full\"><img decoding=\"async\" loading=\"lazy\" width=\"1024\" height=\"828\" src=\"http:\/\/ksliitto.fi\/wp-content\/uploads\/2026\/01\/Paivapaloasema-2026.png\" alt=\"\" class=\"wp-image-1881\" srcset=\"http:\/\/ksliitto.fi\/wp-content\/uploads\/2026\/01\/Paivapaloasema-2026.png 1024w, http:\/\/ksliitto.fi\/wp-content\/uploads\/2026\/01\/Paivapaloasema-2026-300x243.png 300w, http:\/\/ksliitto.fi\/wp-content\/uploads\/2026\/01\/Paivapaloasema-2026-768x621.png 768w\" sizes=\"(max-width: 1024px) 100vw, 1024px\" \/><\/figure>\n\n\n\n<p><strong><em><mark style=\"background-color:rgba(0, 0, 0, 0)\" class=\"has-inline-color has-black-color\">Ajankohta <\/mark><\/em>9.5.2026!<\/strong><\/p>\n\n\n\n<p><strong>Vuosina 2026 ja 2027 tapahtuma saa paikkansa muiden merkkip\u00e4ivien joukossa toukokuussa. Tapahtumat j\u00e4rjestet\u00e4\u00e4n lauantaina 9.5.2026 ja 15.5.2027. Siirtymist\u00e4 kev\u00e4ttapahtumaan ei voida toteuttaa aiemmin rahoitushaun aikataulujen vuoksi. P\u00e4iv\u00e4 Paloasemalla -tapahtuman rahoittaa Palosuojelurahasto.<\/strong><\/p>\n","protected":false},"excerpt":{"rendered":"<p>Ajankohta 9.5.2026! Vuosina 2026 ja 2027 tapahtuma saa paikkansa muiden merkkip\u00e4ivien joukossa toukokuussa. Tapahtumat j\u00e4rjestet\u00e4\u00e4n lauantaina 9.5.2026 ja 15.5.2027. Siirtymist\u00e4 kev\u00e4ttapahtumaan ei voida toteuttaa aiemmin rahoitushaun aikataulujen vuoksi. P\u00e4iv\u00e4 Paloasemalla -tapahtuman rahoittaa Palosuojelurahasto.<\/p>\n","protected":false},"author":2,"featured_media":0,"parent":0,"menu_order":0,"comment_status":"closed","ping_status":"closed","template":"","meta":{"footnotes":""},"_links":{"self":[{"href":"http:\/\/ksliitto.fi\/index.php\/wp-json\/wp\/v2\/pages\/1547"}],"collection":[{"href":"http:\/\/ksliitto.fi\/index.php\/wp-json\/wp\/v2\/pages"}],"about":[{"href":"http:\/\/ksliitto.fi\/index.php\/wp-json\/wp\/v2\/types\/page"}],"author":[{"embeddable":true,"href":"http:\/\/ksliitto.fi\/index.php\/wp-json\/wp\/v2\/users\/2"}],"replies":[{"embeddable":true,"href":"http:\/\/ksliitto.fi\/index.php\/wp-json\/wp\/v2\/comments?post=1547"}],"version-history":[{"count":6,"href":"http:\/\/ksliitto.fi\/index.php\/wp-json\/wp\/v2\/pages\/1547\/revisions"}],"predecessor-version":[{"id":1884,"href":"http:\/\/ksliitto.fi\/index.php\/wp-json\/wp\/v2\/pages\/1547\/revisions\/1884"}],"wp:attachment":[{"href":"http:\/\/ksliitto.fi\/index.php\/wp-json\/wp\/v2\/media?parent=1547"}],"curies":[{"name":"wp","href":"https:\/\/api.w.org\/{rel}","templated":true}]}}